hat is the tens digit of d - -1 - (-4 + -39)?
4
What is the hundreds digit of (706/5)/((-48)/(-960))?
8
Let b(j) = -12*j**2 + 7*j + 2. Let w be b(5). Let i = -165 - w. What is the units digit of i?
8
Let y(t) = 3*t**2 + 2*t**2 - 2 - t + 2 + 2. What is the units digit of y(-2)?
4
Let f(i) = 310*i + 68. What is the tens digit of f(5)?
1
Let j(k) = -3*k - 10. Let o(f) be the third derivative of f**4/12 - f**3/3 - f**2. Let h be o(-4). What is the tens digit of j(h)?
2
Let w be (-6)/15*(-1 + 6). Let p be -2*(-1)/w - -3. Let m(z) = 7*z**3 + 3*z**2 - 6*z + 4. What is the units digit of m(p)?
0
Let y = 277 + -125. Suppose d - 4*d = r - 116, 2*r = -4*d + y. What is the units digit of d?
0
Suppose 4*q + 2*l + 3*l - 29 = 0, 3*q - 36 = l. Let h(a) = 2*a - 15. What is the units digit of h(q)?
7
Let b(c) = -7*c + 7. Let v be b(-3). Suppose 4*q - v = 2*m, -2*q = -0*q + m - 14. Let j(g) = g**3 - 5*g**2 - 9*g - 8. What is the tens digit of j(q)?
2
Let p be 30/14*(-63)/(-18)*74. Let w = -328 + p. What is the units digit of w?
7
Let b(f) = -f**3 - f**2 - f. Let j(h) = -3*h**3 - 4*h - 3. Let t(m) = -4*b(m) + j(m). Suppose 5*r + 7 = y, 3*r = 9*y - 4*y + 9. What is the units digit of t(y)?
6
Suppose 43*i + 3*m = 41*i + 6288, -3*i + 2*m + 9419 = 0. What is the tens digit of i?
4
Let j be -3 + 2 + (13 - 0). Suppose 15*u = j*u + 6. Suppose -y - 10 = -u*y. What is the units digit of y?
0
Let d = -1224 + 2065. What is the tens digit of d?
4
Let y(h) = 7*h + 0*h + 1 - 3*h. Let d be y(-12). Let o = -23 - d. What is the units digit of o?
4
Suppose -68067 + 3873 = -39*z. What is the thousands digit of z?
1
Let k(m) = -3*m - 71. Let t be k(-25). Suppose -t*f - 172 = -2*p, 4 = -3*f + 16. What is the units digit of p?
4
Suppose 5*i = 5*c - 788 - 392, -2*c + 475 = -i. What is the tens digit of c?
3
Let q(p) be the third derivative of p**5/60 + p**4/8 + p**3/6 + 8*p**2. Let w be q(-4). Suppose 3*n - w*n = -58. What is the tens digit of n?
2
Suppose 389*m - 419 = 388*m. What is the tens digit of m?
1
Suppose -8 = -7*s + 6. Suppose 48 = d - s*f + f, 4*d = 2*f + 198. What is the units digit of d?
1
Suppose 0 = 5*r + 3*u - 24, -4*r - u - 2*u = -21. Let j be 2 - (r - (3 + -9)). Let v = j - -18. What is the tens digit of v?
1
What is the thousands digit of (1 - -1*5)*66969/189?
2
Suppose 27*k - 9325 - 15812 = 0. What is the hundreds digit of k?
9
Suppose 28*o - 32240 = -3*o. What is the thousands digit of o?
1
Let i(b) = 3*b**2 - b - 1. Let u be (-2)/4*3*-2. Suppose -3 - u = 3*c. What is the tens digit of i(c)?
1
Suppose 0 = 2*r - 196*d + 199*d - 1335, 3*r - d - 1986 = 0. What is the units digit of r?
3
Let u be (21/2)/(6/12). Suppose 11 = 3*b - o, b + 0*b = -4*o + u. Suppose b*h - 4*h = -3*s + 15, -3*s - 3*h = -21. What is the units digit of s?
4
Suppose 2*y - 6*y = -2*q + 2708, 3*q - 5*y - 4061 = 0. What is the units digit of q?
2
Suppose 11*f - 6*f = 4190. What is the hundreds digit of f?
8
Suppose -3*m + 18 = -m + 4*f, -3*m - 2*f = -35. What is the tens digit of m?
1
Let n(d) = 2*d**2 - 54*d - 74. What is the units digit of n(62)?
6
Suppose -2*d + 4*d - 24 = 0. Let j = 50 + d. What is the units digit of j?
2
Suppose -3014 + 264 = -11*v. What is the tens digit of v?
5
Suppose -4*l + 3*z = 3, 8*z - 5 = 2*l + 3*z. Let p be 17/68 - 646/(-8). Suppose -3*w + p = -l*w. What is the tens digit of w?
2
Suppose -41 - 31 = -8*q. Suppose 0 = -7*n + 44 - q. What is the units digit of n?
5
Let x be ((-12)/(-30))/(2/10). Let t(y) = 3*y**2 - y. Let p be t(1). Suppose -4*j + x*j + p*r + 16 = 0, 4*r = -2*j - 2. What is the units digit of j?
5
Let i be ((-8)/(-14))/((-6)/(-21)). What is the units digit of i/(0 - 2) - -4?
3
Suppose -2*x + 3509 = f, 0 = -6*x + 2*x + 2*f + 7022. What is the hundreds digit of x?
7
Let c(q) be the first derivative of q**2/2 + 8*q - 4. Let m(o) = -o - 6. Let l be m(0). What is the units digit of c(l)?
2
Suppose -3*n = 2*o - 1179, -1807 = -3*o - 3*n - 31. What is the units digit of o?
7
Let o be (1/3)/(5/60). Suppose 7*n = o*n + 15. Suppose -n*v + x = -28, -v = 2*v - 2*x - 21. What is the units digit of v?
5
Let l = 11 - 9. Suppose -l*w + w = 1. What is the units digit of w/(4/4) + 2?
1
Let n be 3/(-2) - 1*(-39)/2. Suppose -n = j - 77. What is the units digit of j?
9
Let c(p) be the first derivative of -p**4/4 - 5*p**3 - 6*p**2 + 16*p - 7. What is the hundreds digit of c(-15)?
1
Let i be (7 + -2)/((-3)/6). Let u(s) = -7*s - 23. Let f be u(i). Suppose 5*z - f = -7. What is the units digit of z?
8
What is the thousands digit of (11/44)/((-8)/(-63584))?
1
Let c be (-40)/(-3)*27/12. Suppose -c = k - 2. What is the units digit of ((-7)/(-14))/((-2)/k)?
7
Let x(u) = -37*u + 2. Let s be x(4). Let g = 2 - s. What is the hundreds digit of g?
1
Let s = 99 - 106. Let h(f) = -f**3 - 2*f**2 + 2*f + 6. Let g be h(-4). Let d = s + g. What is the tens digit of d?
2
Suppose 5*d - 3*l = 5952, 4 = -28*l + 27*l. What is the units digit of d?
8
What is the thousands digit of 159743/62 - (1 + (-3)/2)?
2
Let c be (6/(-8))/((-4)/16). Suppose -3 = 2*h + 3, c*h = -4*l + 275. What is the units digit of l?
1
Suppose 9*s + 4 = 10*s. What is the units digit of (2 - -122) + -1 + s + -3?
4
Let t(a) = -188*a - 679. What is the hundreds digit of t(-9)?
0
Let q(s) = 4123*s**2 - 6*s - 2. What is the units digit of q(-1)?
7
Suppose 3*r - 102 = -3*s, -57 = -2*r + 4*s - 7. What is the units digit of (-9)/(36/(-8)) + r?
3
Let m = -835 + 491. Let v = -136 - m. What is the tens digit of v?
0
Let d(h) = -h**3 - h**2 + h + 38. Let a be (2 - (4 - 6)) + -1. Suppose 2*n + a*n = 0. What is the units digit of d(n)?
8
Let j(i) = 30*i**2 + 3*i. Suppose -5 + 3 = p. What is the units digit of j(p)?
4
Suppose -5*r - 4 = 1. Let d(o) = -2*o + 1. What is the units digit of d(r)?
3
Suppose 12*t + 45 = 17*t. Let q(y) = y + 7. Let n be q(-5). Suppose n + t = u + 3*s, 0 = 2*s + 8. What is the units digit of u?
3
Let h = -14 + 15. What is the units digit of (-4)/(-10) + h + 4140/25?
7
What is the hundreds digit of 6389/7 + (-558)/(-42) + -13?
9
What is the units digit of 2/3 + (-12340)/(-30)?
2
Let w(z) = z**3 + 6*z**2 - 2*z + 1. Let c be w(-6). Let b = c + -9. Suppose -3*a = 5*k - 154, 5*k - 5 = b*k. What is the tens digit of a?
4
Suppose 0 = m + 7 - 2, -4*m + 1618 = 3*f. What is the tens digit of f/5 + 0 + (-3)/15?
0
Suppose 8 = -o - 3*o. What is the hundreds digit of 3300/22 - o/1?
1
Let n(z) = -z**3 + 15*z**2 + 7*z + 119. What is the tens digit of n(15)?
2
Let l = -58 + 57. Let k(j) = 13*j - 4*j - 22*j - 33*j. What is the tens digit of k(l)?
4
Let o = 5025 - 3439. What is the units digit of o?
6
Suppose w + 0*w - 3*h - 68 = 0, -h + 5 = 0. Suppose -880 = 78*u - w*u. What is the hundreds digit of u?
1
Let d(j) = 3*j**2 - j + 2. Suppose -2 = p - b, 5*b - 40 = -p - 4*p. Let f be d(p). Suppose 72 = 4*y - 4*m, -5*y + f = -4*y - 3*m. What is the units digit of y?
4
Let s = 2266 - 1377. What is the tens digit of s?
8
Let y = 2586 + -1381. What is the hundreds digit of y?
2
Let b = 1524 + -556. What is the units digit of b?
8
Let n be (-20)/8*(-12)/15. What is the units digit of (-49)/(-2)*n + -3?
6
Suppose -2*l + 4 = -0*l. What is the units digit of (-4)/6*l*90/(-2)?
0
Suppose 5*w - 8*w + 10050 = 0. What is the tens digit of w?
5
Let d = 628 + -361. What is the units digit of d?
7
Suppose -3*f - 4*d = -5732, 3*f = -3*d + 3178 + 2558. What is the tens digit of f?
1
Let s be (-2 + (-28)/(-4))/1. Suppose -3*a - 26 = -d - 4, -s*d - 5*a = -30. What is the units digit of d?
0
What is the units digit of (-12)/(-2)*(16 + 51)?
2
Let l be (-9)/((-198)/(-4)) + 35/11. Suppose 2*j = -l*y + 271, 0 = -j + 4*y - 0*y + 152. What is the units digit of j?
0
Let h = 39 + -40. What is the units digit of (3*h)/((-1)/1) + 13?
6
Let x(o) = 6*o + 4 - 6 + 18*o + 6. Let d be x(4). Suppose -104 = -3*y + 2*c, 5*y = 2*y + 4*c + d. What is the tens digit of y?
3
Let i(h) = h**2 - 12*h. What is the units digit of i(-10)?
0
Suppose 1884 = 4*x + 412. What is the hundreds digit of x?
3
Suppose 0*q = -5*q + 2*u + 149, -4*u = -5*q + 153. Suppose 0*x + q = -2*h + 5*x, 0 = 4*h + 5*x + 43. What is the units digit of (47/(-3))/(4/h)?
7
Let m(l) = -l**2 + 5*l - 3. Let d be m(4). Let k(w) = w - 1. Let f(g) = g**2 + 3*g + 2. Let x(o) = d*f(o) - 3*k(o). What is the tens digit 